1184 - -2279. Let y = r + -467. What are the prime factors of y?
2, 157
Let f(o) = -o**3 - 9*o**2 + 8*o - 5. Let i be f(-10). Let k be 10/i + 8/6. Let m(r) = 18*r + 14. What are the prime factors of m(k)?
2, 5
What are the prime factors of (1/(-1))/(85/(-4183020))?
2, 3, 1367
Let n = -4261 + 7015. What are the prime factors of n?
2, 3, 17
Suppose 70 = 2*g + 5*t + 71, g + t - 1 = 0. List the prime factors of (11160/(-105))/(g/(-7)).
2, 3, 31
Let m(c) = -5*c**2 - 5*c + 25. Let u(j) be the first derivative of -j**3/3 - j**2/2 - j + 17. Let y(s) = -m(s) + 4*u(s). List the prime factors of y(9).
61
Let l be (11 - 13) + 13 + 1. Let g be l/30 + 1314/15. List the prime factors of g + (6/15 - 8/20).
2, 11
Let j(h) = 43*h + 24*h - 9*h - 11*h - 144. What are the prime factors of j(8)?
2, 29
Suppose 0 = -8*q - 5599 + 16135. List the prime factors of q.
3, 439
Suppose 15*x = 9*x. Suppose x = 4*y - 2*r + 10, -2*r = 4*y - y - 10. Suppose 0 = -3*o + 4*p + 709, -4*o + 4*p = -y*p - 940. List the prime factors of o.
3, 7, 11
Let o(n) = 354*n**2 - 281*n - 17. List the prime factors of o(-5).
2, 5119
Let w(b) = 12*b + 129. Let i be w(-9). Let d(y) = -y**3 + 23*y**2 - 31*y - 18. What are the prime factors of d(i)?
3, 71
Suppose 3*c + 28 = 25, -z - 3*c = -1313. Suppose s + 5*y - z = 0, -5*s + 2329 = 6*y - 4308. What are the prime factors of s?
11
Suppose -21*x = -8*x + 22*x - 235445. List the prime factors of x.
7, 31
Suppose -23 = 9*f + 22. Let z be (2 + f/2)*36. Let j = 43 - z. List the prime factors of j.
61
Suppose 24*j = 19*j + 55. Suppose j*h + 2*h - 65 = 0. List the prime factors of ((-12)/10 - 0)/(h/(-100)).
2, 3
Let z(w) = -6 + 0 + 0 - 24*w**2 - 4*w**2 - 10*w. Let f be z(-6). What are the prime factors of (f/(-72))/((-2)/(-16))?
2, 53
Let j(m) = m**3 + 7*m**2 + 11*m + 34. Let r be j(-5). Suppose 810 = -r*i + 32*i. List the prime factors of i.
2, 3, 5
Let x = 242 - -338. Let l = x + -322. What are the prime factors of l?
2, 3, 43
Suppose 9*u - 6*u + s = 43, -3*u + 5*s + 19 = 0. Suppose -2*h + 15 = -u. List the prime factors of h.
2, 7
Suppose o + 125 = 3*j, -j - 2*o = -6*j + 210. Let h = -42 + j. List the prime factors of 110 + (2 - h) + (-2 - -3).
5, 23
Let p = 49502 - 20900. List the prime factors of p.
2, 3, 7, 227
Let l be (-2)/(-2)*(52 - -10). Suppose -8*n + 12*n = -144. Let q = l + n. List the prime factors of q.
2, 13
Let w = -84996 - -144284. What are the prime factors of w?
2, 7411
Suppose 0 = -y - 5, -5*y - 35 = -11*b + 10*b. Suppose 38280 = b*i + 45*i. What are the prime factors of i?
2, 3, 29
Suppose -3*r = -2*r - 2, -3*i + 26 = -5*r. Suppose 4*v + n = 4, 0 = 5*v - 3*n + i. What are the prime factors of (0 + (v - 1))/((-1)/56)?
2, 7
Suppose -4*j = -0*j - 2*s - 30, -15 = -j + 2*s. Suppose 4*q = -q - 2*o + 25, -j*o + 13 = -4*q. Suppose z = 44 - q. What are the prime factors of z?
41
Let w = -54 - -52. Let u(s) = 50*s**2 - s - 4. Let k be u(w). Let a = k + -113. What are the prime factors of a?
5, 17
Suppose -5*i - 5*i = 0. Suppose 13*b - 12*b - 239 = i. What are the prime factors of b?
239
Let x(t) = -3*t + 5. Let d = 53 - 49. Suppose -d*l + 26 = -4*b - 2*l, -2*l = 4*b + 14. List the prime factors of x(b).
2, 5
Let l be (-2 - 0 - 1) + -45. Let b be (441/36)/((-2)/l). Suppose 60 = r + 2*o - 0*o, b = 5*r + 4*o. What are the prime factors of r?
2, 29
Let a(u) = 0*u**3 + 9 + 46*u**2 - 119*u + 156*u + 2*u**3. What are the prime factors of a(-22)?
163
Let w(s) = -12*s + 2. Let d be w(3). Suppose 229 = -3*o - 5*k, 0*k + 8 = 2*k. Let b = d - o. List the prime factors of b.
7
Suppose -2*a + 12 = 4*w, -10*w + 8*w = -4*a - 16. Let z be (a/(-5))/(7/1295). Let k = 105 - z. What are the prime factors of k?
31
Suppose -62*b = 18*b - 100047 + 7727. What are the prime factors of b?
2, 577
Suppose 5*s + f + 1685 = 0, 5*f = -s + 2*s + 311. Let l = -527 + -13. Let a = s - l. What are the prime factors of a?
2, 3, 17
Let s(d) = 6*d + 12. Let f be s(0). Suppose 26 + 22 = -f*c. Let y(h) = -63*h - 4. List the prime factors of y(c).
2, 31
Let d = 10833 + -6228. List the prime factors of d.
3, 5, 307
Let z(n) = 67*n + 3 - 11*n + 214*n. Let t be z(2). Suppose 4*i = t - 15. List the prime factors of i.
2, 3, 11
Let z be (-2 - 513)/(15/(-75)). Suppose 4*x + 945 = -3*m + z, -m - 2028 = -5*x. What are the prime factors of x?
2, 7, 29
Suppose -24*p + 172 = -20. What are the prime factors of (p/(-12))/(8/(-5376))?
2, 7
Let s(w) = -w**2 - w. Let h(c) = c**2 + 12*c - 20. Let o(d) = -h(d) - 2*s(d). What are the prime factors of o(15)?
5, 19
Let x(a) = a**2 - 191*a + 60813. List the prime factors of x(0).
3, 29, 233
Suppose 6*s = 70 - 10. Suppose -8*l - 2558 = -s*l - 4*a, -1284 = -l - 3*a. List the prime factors of l.
3, 47
Let z(j) = j**2 + 19*j + 38. Let m be z(-17). Suppose 1451 = m*b + 131. What are the prime factors of b?
2, 3, 5, 11
What are the prime factors of (-86739)/(-7) + 660/(-154) + 4?
12391
Suppose -29*k + 6*k + 69 = 0. Suppose 2*s - 5*x = -0*s + 29, -2*x - 49 = -k*s. What are the prime factors of s?
17
Let k(b) = -b**3 + 8*b**2 - 2*b - 36. Let z be k(7). List the prime factors of z*(2 + 2 + -112).
2, 3
Let n = -73002 + 111827. List the prime factors of n.
5, 1553
Suppose l + 35394 = 6*l + 4*c, 4*l = -c + 28313. What are the prime factors of l?
2, 3539
Suppose 0 = 3*y + 3*u - 6, y + 7 = -3*y + u. List the prime factors of (0 - 1) + (-3)/y*84.
251
Suppose -550*f + 555*f + 4*p = 7660, -2*f + 3046 = -2*p. What are the prime factors of f?
2, 191
Suppose 403771 = 87*v - 81341. What are the prime factors of v?
2, 17, 41
Suppose 11*i + 19320 = 31*i. Suppose -486*d - i = -493*d. What are the prime factors of d?
2, 3, 23
Suppose 3*r = -2*r, -4*h + 17192 = -5*r - 8952. List the prime factors of h.
2, 19, 43
Suppose 7*k - 402318 = -24*k. What are the prime factors of k?
2, 3, 7, 103
Let k be (-4)/(-42) + 191/(-21). What are the prime factors of (26/3)/(k + (-2708)/(-300))?
5, 13
Suppose -d = 0, 3*k + 20 = k - 5*d. Let x(y) = -y**3 - 10*y**2 - 10*y. Let m be x(k). List the prime factors of 288/10*m/30.
2, 3
Let l be -202 + 0 + -1 - (3 + 1). Let w = 267 + l. What are the prime factors of w?
2, 3, 5
Let r be (-2 - 20/(-8))*1*6. Suppose k - t = t + 10, 15 = r*k - 3*t. Suppose -5*b = -g + 20, -5*g + 4*b - b + 100 = k. List the prime factors of g.
2, 5
Suppose -43*x = -36*x - 14. Suppose -x*k - 429 = -5*z - 0*z, -4*z = -2*k - 342. List the prime factors of z.
3, 29
Let u be 26334/20 + 24/80. Let z = u - 644. List the prime factors of z.
673
Let q(g) = 299 + g + 68 + 77 - 3*g**2 + 2*g**2. What are the prime factors of q(0)?
2, 3, 37
Let d = 550 - 2514. Let b = d + 2776. What are the prime factors of b?
2, 7, 29
Suppose 10 = 2*q + 8. Let w be (q/5)/(4/60). Suppose d = -w*d + 708. What are the prime factors of d?
3, 59
Let f(i) = 8*i**2 - 1. Let x be f(1). Suppose 3*k - x*k = -4, 4*v + 143 = 3*k. Let j = 152 - v. List the prime factors of j.
11, 17
Suppose -35507 = -4*x + 5*c, -4*c + 5600 = -x + 14463. What are the prime factors of x?
3, 7, 47
Let u = -8 + 9. Let y be 2 + ((-8)/12)/(u/(-3)). What are the prime factors of (-2 + y)*(-162)/(-4)?
3
Let z(y) = -22*y - 20. Let s be z(-14). Let l = 1957 - s. List the prime factors of l.
1669
Let n = 6042 - 5670. What are the prime factors of n?
2, 3, 31
Suppose 4*s = 16*s. Suppose s = 3*u + 83 - 224. Suppose -u*r - 336 = -51*r. List the prime factors of r.
2, 3, 7
Let f(m) = -579*m + 4. Let z be f(-3). Suppose 7*a - 607 = -z. What are the prime factors of 1 - (a/3 + -1)?
2, 7
Let v(p) = -1140*p - 612. What are the prime factors of v(-8)?
2, 3, 709
Suppose 15 = 5*k - 105. Suppose -10*r = -2*r - k. Suppose 4*l = -5*v + 637, -3 + 0 = -r*v. What are the prime factors of l?
2, 79
Let w(z) = 77*z**2 + 29*z - 1014. List the prime factors of w(24).
2, 3, 41, 179
Let m be (1/(6/(-40)))/((-1)/6). Let f be m/20 + (-2)/(2/(-3)). What are the prime factors of (f/(20/(-16)))/(2/(-4))?
2
Suppose -3*n + 0*n - 5*z + 47734 = 0, -z - 31788 = -2*n. List the prime factors of n.
2, 7949
Let g(a) = a**2 + 37*a + 164. Let f be g(-32). What are the prime factors of f/14 + (-1155)/(-245) - -906?
911
List the prime factors of 6/(-12)*223*(6 + -8).
223
Let u(y) = -28*y**3 + y**2 + 2*y - 10. Let p be u(3). Let q = p + 1339. List the prime factors of q.
2, 3, 7
Let k(c) 